t is the highest common divisor of i and c?
33
Let o be 99/(-231) - 66/(-7). Calculate the highest common factor of 261 and o.
9
Let f be (4 - 1)/(21/14). Suppose 0*g + k = -2*g + 33, 71 = 4*g + 3*k. What is the greatest common factor of f and g?
2
Suppose -4*l = -4*s - 164, s = 4*l - 32 - 3. Let i = -13 - s. What is the highest common factor of i and 75?
15
Let c = 1490 - 35. Let k be (-2)/4 - c/(-6). Let q = 1132 - 1110. Calculate the greatest common divisor of k and q.
22
Suppose -49 - 47 = -4*p - 4*h, -5*h - 105 = -4*p. Let f = 33 - p. Suppose -o - 1 = -f. Calculate the greatest common factor of o and 35.
7
Suppose -49 = -2*w - 2*r + 31, w - 38 = r. Suppose -9 = -4*z + 3. What is the highest common factor of w and z?
3
Suppose 0 = -6*d + 12*d + 12. Let g be (-2)/2 - 110/(d - 3). What is the greatest common factor of g and 210?
21
Let z be -84*(55/20 - 3)/1. Suppose 0 = 4*u + 2*n - 54, 3*u - 2*n + 11 - 55 = 0. Calculate the highest common divisor of u and z.
7
Suppose 0 = -13*g + 35*g - 396. What is the greatest common divisor of g and 234?
18
Let j be (-2 + 35/5)/((-4)/(-64)). What is the greatest common factor of 40 and j?
40
Let j(f) be the second derivative of f**3/3 - f**2/2 - 2*f. Let m be j(2). Let z be (-60)/25*(0 + (-10)/4). What is the highest common factor of z and m?
3
Let r(a) = -2 + 2 - a - 11 + 3*a. Let m be r(7). Suppose 4*x - 48 = 2*x. Calculate the greatest common factor of m and x.
3
Let d be ((-2)/(-6) - (-2)/(-6)) + 2. Suppose 3*i - 2*r = 829, -d*r + 1222 + 149 = 5*i. What is the highest common divisor of 25 and i?
25
Let y be 120/(-35)*(-28)/8. Suppose -213 = -3*h - 2*u + u, 0 = u + 3. What is the highest common factor of h and y?
12
Let j be 0 + 0 + 18/9. Let y be -4 + (18 - j) - 1. Calculate the highest common factor of y and 77.
11
Suppose 0 = -2*y + 2, 4*j + 2*y - 30 = -0*y. Suppose 2*i - 3*h = 27, -j*i + 34 = -4*i + 2*h. Calculate the highest common factor of 324 and i.
12
Let v be 24/(-300) + 1/(150/514662). Calculate the highest common divisor of 73 and v.
73
Suppose -2*d + t + 3 = -78, 20 = -4*t. Let z = d - -27. Let m be (78/(-2))/((-3)/2). Calculate the highest common divisor of m and z.
13
Let z = -1150 - -1279. What is the highest common factor of 688 and z?
43
Let n(j) = j**3 + 12*j**2 + 11*j + 3. Let q be n(-11). Suppose -140 = -q*x - 8. Let k be 1*-33*20/(-6). Calculate the highest common factor of x and k.
22
Let i = -19 - -9. Let a = -1 - i. Let p be 6/((-8)/6 + 2). Calculate the highest common factor of p and a.
9
Suppose 0 = -2*a - 5*v + 36, -v + 2 + 2 = 0. What is the greatest common divisor of 132 and a?
4
Suppose 5*n - 78 = 3*n. Suppose -3*l + 5*v + n = -l, -5*l = v - 30. Calculate the greatest common divisor of 77 and l.
7
Let c(j) = -53*j - 4. Let f be ((-16)/40)/((-1)/10). Suppose b - f = 2*b. Let z be c(b). Calculate the greatest common divisor of z and 26.
26
Let k(j) = 2*j**3 + 2*j**2 - 4*j + 3. Let v(b) = b**2 + b - 4. Let x be v(-3). Let h be k(x). What is the highest common divisor of 133 and h?
19
Let y(a) = a + 18. Let d be y(-12). Let i be (d/(-4))/(9/(-24)). Suppose 29 = z + i*c, -5*z - c - c = -55. What is the highest common divisor of z and 18?
9
Let o be -8 - -26 - (-1 + 2). Let j = 25 - o. What is the greatest common factor of j and 56?
8
Suppose -120 = 4*r - 14*r. What is the highest common factor of 12 and r?
12
Suppose 2*r - 3*r + 142 = 3*h, -5*r - 4*h = -666. Let k be -4 - (78 - 4 - 3). Let l = r + k. Calculate the greatest common divisor of l and 11.
11
Suppose 33*q + 17325 = 54*q. Calculate the greatest common divisor of 99 and q.
33
Let x = -24 + 27. Suppose 0 = -4*i + x*r + 9 + 147, 0 = 5*r. What is the greatest common factor of i and 26?
13
Let m = -11 + 21. Suppose -2*s + 3*w = -65, 3*s + 2*w + 14 = 92. Let u be 0 + 2 + s + 0. Calculate the highest common factor of m and u.
10
Suppose 5*z - n - 197 = 0, -z + 5*n = -65 + 16. Calculate the greatest common factor of z and 208.
13
Let v = 563 - 549. What is the greatest common divisor of 4 and v?
2
Let r be ((-32)/(-2))/((-11)/(-55)). Calculate the greatest common factor of r and 96.
16
Let t = -1014 + 1078. What is the highest common factor of t and 1088?
64
Let m(o) = 56*o - 28. Let j be m(1). Let x = 34 + -27. What is the highest common factor of j and x?
7
Suppose -5*t + 56 + 89 = 0. Let c = -11 + t. Let u be (1 + -1)/2 + 12/1. Calculate the greatest common divisor of u and c.
6
Let r(w) = 40*w. Let p be r(10). What is the highest common factor of 40 and p?
40
Let d(w) = 33*w**3 - w + 1. Let o be d(1). Suppose 4*p - o = p. Calculate the greatest common factor of 99 and p.
11
Let o = -13 - -14. Calculate the highest common divisor of 3 and o.
1
Suppose 0 = 15*t - 17*t + 144. Suppose -3*c = 3, 0*c + 2*c = 5*l - t. Calculate the greatest common factor of 266 and l.
14
Suppose 6*p = 4*p. Suppose p = -6*v - 74 + 266. Calculate the greatest common divisor of v and 2.
2
Suppose -s + 0*s + 52 = 0. Suppose -4*q + 76 = 5*v, -4*q - 5*v + s = -q. What is the highest common factor of q and 48?
24
Suppose 13*l = 98 + 19. What is the greatest common divisor of l and 288?
9
Let a be 1 - (-12)/(-8)*-2. Suppose 0 = y + 4*q - 11 + 52, -5*y - a*q = 189. Let o = -20 - y. Calculate the greatest common factor of 119 and o.
17
Suppose 5*y - 247 = -3*x + 162, 5*x + 176 = 2*y. Calculate the highest common divisor of y and 581.
83
Let p be (-6)/(-21) + (-346)/(-14). Let y = -12701 - -12876. Calculate the highest common factor of y and p.
25
Let u = -7 + -6. Let a = u + 48. What is the highest common factor of a and 7?
7
Let l(x) = -x**2 - 4*x + 11. Let y be l(-8). Let k = y - -34. What is the highest common divisor of k and 52?
13
Let y be -16*(3 - 0)/3. Let l = y - -27. Calculate the greatest common factor of l and 88.
11
Let k = 168 + -133. Calculate the greatest common factor of k and 10.
5
Suppose -m + 7 = 5*t, -m - t = -4*m + 5. Suppose -m*q = -18 - 18. Calculate the highest common divisor of q and 90.
18
Let m(b) = -b**3 - 3*b**2 + 19*b + 13. Let t be m(-6). Let n = 8 - 6. What is the highest common divisor of n and t?
1
Suppose 2772 = -0*l + 22*l. What is the highest common factor of l and 42?
42
Suppose m - 2 = 0, -2*m + 50 = -2*d - 16. Let i = -27 - d. What is the greatest common factor of 4 and i?
4
Let i(q) = -17*q - 2. Suppose 4*u = 2*u - 8. Let v be i(u). Calculate the highest common divisor of v and 6.
6
Let p(b) = b**3 - 2*b**2 - b**2 - 4 - 2*b**3 + b**2. Let k be p(-3). Suppose 0*x = -k*x + 120. Calculate the highest common factor of 6 and x.
6
Let j be 475 + (-4 + 1)*1. Calculate the greatest common divisor of 8 and j.
8
Suppose -2*l - 9 = 17. Let k = l - -16. Suppose 5*q - 9 = 2*q. What is the greatest common divisor of k and q?
3
Let b be (4/8)/(-6 - 434/(-72)). Calculate the highest common divisor of b and 450.
18
Let s be 2 - -1 - (-2)/1. Suppose 3*x - 15 = -0*x, s*x - 105 = -4*p. Let o(g) = 3*g**2 + 7*g. Let b be o(1). What is the highest common factor of b and p?
10
Let j(b) = 71*b + 224. Let r be j(0). Calculate the greatest common divisor of r and 35.
7
Let w be ((-77)/44)/(2/(-32)). Suppose -9*r + w = -35. Calculate the highest common factor of r and 35.
7
Let q = -1 + 19. Let f = q - 8. What is the greatest common factor of f and 20?
10
Suppose 10*l - 6*l - 4*v - 740 = 0, 0 = 4*l + 2*v - 770. Calculate the highest common factor of 10 and l.
10
Suppose -3*c = -3*k - 201, c = -2*k - k + 51. Let y be (1 + 0)*(14 - 5). Calculate the greatest common factor of c and y.
9
Suppose 36 = 65*c - 63*c. Let i(d) = 3*d - 51. Let o be i(c). Calculate the highest common divisor of 24 and o.
3
Let m = -61 - -63. Suppose -m*l = 2*v - 670, -2*l + 4*v - v = -675. What is the greatest common divisor of l and 42?
42
Let q = -952 + 1677. What is the greatest common divisor of q and 50?
25
Let f = 287 + 238. What is the greatest common divisor of 420 and f?
105
Suppose z + 3465 = 2*l, -24*l + 4*z = -23*l - 1750. Calculate the greatest common divisor of 10 and l.
10
Suppose 6 = -2*h, 3*n + 2*n = 3*h + 3559. Suppose 170 = -4*s + n. Calculate the highest common factor of s and 15.
15
Suppose -j + 0*j = -221. What is the greatest common divisor of 119 and j?
17
Suppose 13*j = 6136 + 2652. What is the highest common factor of j and 52?
52
Suppo